pose -5*v + 2*d + 875 = 0, 0 = d - 2*d + 5. Suppose -236 = -4*a + 4*w, w + v = 3*a + 6*w. List the prime factors of a.
59
Suppose -7285 = 16*l - 79253. What are the prime factors of l?
2, 13, 173
What are the prime factors of -3 - ((1 + -5 - 129) + 5)?
5
Let o(d) = -7*d**3 + d**2 - 4*d + 5. Let s be o(2). List the prime factors of (-11)/(s/150) - -3.
3, 11
What are the prime factors of (-1 - (-971)/3)*(-25 + 31)?
2, 11
Let k be (-6)/9*(1 + -7). Suppose -4*y + 108 = 3*q - y, -2*q - k*y + 82 = 0. List the prime factors of q.
31
Suppose -2*w + 7*w = -60. Let j(g) = -g**3 - 11*g**2 + 12*g + 2. Let r be j(w). Suppose -r*u + 13 = 1. What are the prime factors of u?
2, 3
Let r = 33 - 7. Let b = 87 - r. List the prime factors of b.
61
Let w be 153/4 + ((-44)/16)/11. Suppose -4*s + 0*v + w = -5*v, s - 14 = -v. List the prime factors of s.
2, 3
Let a = 16 - 23. Let x = 9 + a. What are the prime factors of 1/(-2)*(-20)/x?
5
Let m(s) = -s**3 - 5*s**2 - 2*s + 4. Let b be m(-4). List the prime factors of (b - -3) + 107/1.
2, 53
Let q(x) = x - 1. Let g be q(-1). Let n be (28/2)/(-1 - g). Let t = 11 + n. List the prime factors of t.
5
Suppose 0 = 2*a - 4*x - 1496, -3*a - 5*x + 3665 = 2*a. List the prime factors of a.
2, 3, 41
Let n(y) be the first derivative of 2*y**2 - 17*y + 1. Let t(a) = a**3 + 15*a**2 + 14*a + 13. Let i be t(-14). What are the prime factors of n(i)?
5, 7
Suppose -29*r = 5*a - 30*r - 7383, 5*r + 1467 = a. What are the prime factors of a?
7, 211
Suppose -130 = 132*o - 137*o. List the prime factors of 3638/13 - (-1)/o*4.
2, 5, 7
Let k(f) = 2*f**2 - 14. Let b(p) = p**2 - 7. Let w(q) = -13*b(q) + 6*k(q). Let o be w(0). Let r(x) = 4*x + 12. What are the prime factors of r(o)?
2, 5
Suppose -5*r + 1586 = -0*x + x, -2*x + 4*r + 3102 = 0. List the prime factors of x.
7, 223
Let z(q) = q - 13. Let h(u) = -4*u + 40. Let l(k) = 6*h(k) + 20*z(k). What are the prime factors of l(-17)?
2, 3
Let y(b) = b**2 + 13*b + 22. Suppose -3*j - 4*o = -16 - 4, -4*o = 4*j - 32. Suppose 0*s = -s - j. What are the prime factors of y(s)?
2, 5
Suppose -5*t + 4*k + 11705 = 0, -k + 6738 = 4*t - 2605. List the prime factors of t.
3, 19, 41
Suppose 4*i - 192 = 48. Suppose -4*t = 4*n - 16, -2*n + 2*t + 20 = -8. Suppose 0 = n*b - 5*b - i. List the prime factors of b.
3, 5
Let u(g) = -9*g - 15 - 1 + 5*g - 10*g. Let z be u(-7). Let r = 120 - z. What are the prime factors of r?
2, 19
Let t be ((-1)/3)/(6/(-666)). Let l(d) = -d**3 + 9*d**2 + 5*d + 14. Let z be l(9). Let g = z - t. What are the prime factors of g?
2, 11
Suppose -12*a + 11990 = 2018. List the prime factors of a.
3, 277
Suppose -12 - 16 = 4*r. Let x be (-2)/r + (-710)/(-14). Suppose -2*z + x = -7. What are the prime factors of z?
29
Let r = -5889 + 11372. List the prime factors of r.
5483
Suppose 25*b - 6265 = 7410. What are the prime factors of b?
547
Let t be 3/3 + 0/1. Let o = 2 + t. Suppose 0*p + p + o*k - 17 = 0, -2*p = 3*k - 40. List the prime factors of p.
23
Suppose 2*n - 19 = -3*g, 5*n - 6 = -5*g + 29. Let o(f) = 22*f**3 - 4*f**2 + 2*f + 1. Let q be o(n). Suppose q = -7*t + 12*t. What are the prime factors of t?
3, 11
Let k(x) = 22*x**2 + 22*x + 206. What are the prime factors of k(-10)?
2, 1093
Let m be (1/(-2))/((-5)/60). Let g(u) = 5 - 10 - 9*u - m*u + 1. What are the prime factors of g(-3)?
41
Let u(k) = -43*k**3 + k**2 + 2*k + 2. Let g be 15/35 - 10/7. What are the prime factors of u(g)?
2, 11
Let u(i) = -9*i**3 + 2*i**2 + 19*i - 23. What are the prime factors of u(-7)?
13, 233
Suppose -3*t = -3*g - 30, -2*t - 2*t - 2*g = -70. Suppose 2*u - 24 = -2*a, -2*a + t = u + 2*a. Let p = 19 - u. What are the prime factors of p?
2
Let h = -3 - -581. List the prime factors of h.
2, 17
Suppose -764 = -2*j + 12. What are the prime factors of j?
2, 97
Let v = 2655 + -1648. List the prime factors of v.
19, 53
Suppose -110 = -3*m + 7. Let j = 42 - m. List the prime factors of j.
3
Let t(g) = g**3 + 4*g**2 + 4*g. Let a be t(-3). Let n be (-4 - a) + -1 - -72. List the prime factors of n/(-2)*2/(-5).
2, 7
Suppose b = 1 + 3. Suppose b*u - 12 = 0, 3*h - 2*u - 15 = -5*u. Suppose -h + 1 = -k - g, -3*k + 43 = -5*g. What are the prime factors of k?
2, 3
Let g = 48 + -36. What are the prime factors of (-14)/6 + 2 + 52/g?
2
Let z = -124 + -35. Let g = z - -287. What are the prime factors of g?
2
Suppose 17*f = y + 12*f - 1437, 0 = -2*y - 4*f + 2930. What are the prime factors of y?
31, 47
Let n(z) = -2 + z + 3 - 2*z**3 - 4*z**2 + 3*z**3 + 2. Let h be n(5). What are the prime factors of 136/6 + 11/h?
23
Let g be (4 - (-30)/(-25)) + 2/10. Let k(v) = 28*v + 11. What are the prime factors of k(g)?
5, 19
Let y be 1/(-2)*(-3 - 7). Suppose 3*j + 121 = 4*k - 148, -y*j - 15 = 0. What are the prime factors of k?
5, 13
Let q(g) = -g**2 - 52*g + 305. List the prime factors of q(-28).
977
Suppose 28*q - 20896 = 12*q. List the prime factors of q.
2, 653
Suppose 0 + 23 = i. Suppose -2*w = -5*u - 333, 5*w - i - 62 = u. Let h = -37 - u. What are the prime factors of h?
2, 7
Suppose 14*u = 22*u - 32. Suppose u*y + 2*b - 1260 = 0, 0*y - 3*y = 3*b - 948. List the prime factors of y.
2, 157
Let a(i) = -79*i - 691. What are the prime factors of a(-12)?
257
Let r(a) be the first derivative of 4*a**2 + a - 2. Let f be r(1). Let z = f + -1. List the prime factors of z.
2
Let i = 4 - -17. What are the prime factors of 3*(13/(-5))/(i/(-35))?
13
Suppose 0 = -23*z - 2194 + 57348. What are the prime factors of z?
2, 11, 109
Suppose 2*s + s - 33 = -4*o, -s + 4 = -o. Suppose -5*y + 2 = 4*v, -3*v + 2*y + s = -6. Suppose 0 = a - v*a + 8. What are the prime factors of a?
2
Suppose 9*s = 5*s - 4. List the prime factors of 7 + -8 - s*24.
23
Let r(i) = 5*i - 5. Let z(k) = -2*k + 2. Let h(y) = -3*r(y) - 8*z(y). Let d be h(4). Suppose 31 - 1 = d*l. List the prime factors of l.
2, 5
Suppose -4 = 4*r - 12. Let l be ((-1)/2)/(r/(-12)). Suppose -5*b = -5, -l*b = 5*u - 2*u - 12. What are the prime factors of u?
3
Suppose -4904 = 3*i + 4*s - 17000, -4*i - 5*s + 16127 = 0. What are the prime factors of i?
2, 19, 53
Let y be (0 - 1) + (2868/12 - 13). Let x(h) = -25*h - 7. Let z be x(6). Let m = z + y. What are the prime factors of m?
2, 17
Let g = -94 - -156. Let v = g - -118. List the prime factors of v.
2, 3, 5
Suppose 5*u + 2*j + 65 + 20 = 0, 5*j = 2*u + 63. Let p = u + 15. List the prime factors of 2 + p + 1 + 11.
2, 5
Suppose -128*y + 111*y + 66844 = 0. What are the prime factors of y?
2, 983
Let o(v) = 204*v + 220. What are the prime factors of o(16)?
2, 13, 67
Suppose -2*l + 5*l - 6 = 0. Let v be (l/(-6))/((-4)/12). List the prime factors of 3 - (-5)/(2 - v).
2
Let i be 8/(-16) + (-41)/(-2). Suppose 0 = -2*k + i - 122. Let f = -18 - k. List the prime factors of f.
3, 11
Suppose 0 = 5*s - 91 - 34. Suppose 0*u - s = -5*u. Suppose -3*r - a = -0*r - 72, u*r = a + 120. List the prime factors of r.
2, 3
Let y(q) = -18*q + 1. Let g be y(-1). Let f(v) = 2*v - 23. Let o be f(g). List the prime factors of 670/o - (-2)/(-3).
2, 11
Suppose 41*s + 2*h = 36*s + 12550, s + 2*h = 2502. List the prime factors of s.
2, 157
Suppose 127 = -4*u + 4*g - 173, -u - 55 = 4*g. Let i = u - -149. List the prime factors of i.
2, 3, 13
Suppose 3*b - 3509 = 3919. List the prime factors of b.
2, 619
Let w be (96/(-72))/((-1)/27). List the prime factors of 2*(w - 2) - -2.
2, 5, 7
Suppose -y = -3*n + 1815, 5*n - 2*y - 3025 = y. What are the prime factors of n?
5, 11
Let m be 1 - 0 - 0/(-17). List the prime factors of -1 + 63 - -3 - m.
2
Suppose p - 26 = 5*u, -2*u = 3*p - 6*u - 34. Let a(s) = -s**3 + 7*s**2 + 10*s - 13. List the prime factors of a(p).
83
Let a(h) = 4*h - 19. Let r be a(6). Suppose 132 = -0*d - 4*d + r*y, -4*d - 5*y = 172. Let c = d - -64. What are the prime factors of c?
2, 13
Suppose -3*r - 2*r = -2*y + 20, 12 = -y - 3*r. Suppose -5*k + 20 = 0, 4*k + y*k + 326 = 2*w. List the prime factors of w.
3, 19
Let b = 41 + -14. Let t = 27 - b. List the prime factors of (3 + -1 - t) + 29.
31
Let a(t) = 3*t**2 - 45*t - 2 - 2*t**2 + 33*t + 23*t. What are the prime factors of a(-12)?
2, 5
Suppose -3*y - 3*j - 4 = -16, -y = -3*j + 12. Suppose y = -4*q + 285 - 45. List the prime factors of q.
2, 3, 5
Let u(s) = 991*s**2 - 25*s + 25. What are the prime factors of u(1)?
991
Let w = 208 - 113. What 